?
14
What is the highest common divisor of 1935 and 90?
45
Calculate the greatest common divisor of 3325 and 1400.
175
What is the highest common divisor of 88 and 275?
11
Calculate the greatest common divisor of 232 and 1247.
29
What is the greatest common factor of 20 and 540?
20
Calculate the highest common divisor of 100 and 375.
25
Calculate the highest common divisor of 60 and 1060.
20
What is the greatest common divisor of 26 and 182?
26
What is the greatest common divisor of 140 and 490?
70
What is the highest common divisor of 1457 and 279?
31
Calculate the highest common factor of 824 and 515.
103
Calculate the greatest common factor of 2 and 1381.
1
Calculate the highest common factor of 64 and 224.
32
Calculate the greatest common factor of 122 and 183.
61
Calculate the greatest common factor of 30 and 96.
6
Calculate the greatest common divisor of 741 and 247.
247
Calculate the greatest common factor of 1635 and 30.
15
What is the highest common factor of 143 and 793?
13
What is the greatest common factor of 66312 and 216?
216
What is the greatest common factor of 26 and 78?
26
What is the greatest common factor of 80 and 2560?
80
Calculate the greatest common factor of 7633 and 17.
17
Calculate the greatest common factor of 77 and 792.
11
Calculate the highest common factor of 36 and 2889.
9
Calculate the highest common divisor of 270 and 690.
30
Calculate the highest common divisor of 700 and 25.
25
What is the highest common factor of 680 and 238?
34
Calculate the highest common factor of 4113 and 153.
9
What is the highest common factor of 672 and 777?
21
What is the greatest common factor of 155 and 1581?
31
What is the greatest common divisor of 69 and 1104?
69
What is the greatest common factor of 4 and 436?
4
Calculate the highest common factor of 285 and 1900.
95
What is the greatest common factor of 2800 and 80?
80
What is the highest common divisor of 4 and 3?
1
Calculate the highest common divisor of 57 and 4503.
57
What is the highest common factor of 8 and 104?
8
What is the greatest common factor of 44 and 44?
44
What is the greatest common factor of 42 and 49?
7
Calculate the highest common divisor of 15 and 615.
15
Calculate the highest common factor of 333 and 37.
37
What is the highest common factor of 460 and 43930?
230
Calculate the greatest common factor of 35 and 21.
7
Calculate the greatest common divisor of 161 and 1141.
7
What is the highest common factor of 60 and 12?
12
What is the greatest common divisor of 105 and 15?
15
What is the greatest common factor of 35 and 25?
5
Calculate the greatest common factor of 33675 and 15.
15
Calculate the greatest common factor of 40 and 30.
10
What is the highest common factor of 252 and 6888?
84
Calculate the greatest common divisor of 86 and 122.
2
What is the greatest common factor of 5 and 755?
5
Calculate the highest common factor of 369 and 207.
9
Calculate the greatest common divisor of 1302 and 42.
42
What is the greatest common divisor of 672 and 21?
21
What is the greatest common divisor of 5226 and 52?
26
Calculate the greatest common divisor of 66 and 150.
6
Calculate the highest common factor of 40 and 7880.
40
What is the highest common divisor of 30 and 5?
5
Calculate the highest common factor of 35296 and 32.
32
What is the highest common factor of 217 and 496?
31
What is the greatest common factor of 196 and 28?
28
What is the highest common divisor of 84 and 12?
12
What is the highest common factor of 5 and 70?
5
Calculate the highest common factor of 321 and 6.
3
Calculate the greatest common factor of 1224 and 72.
72
Calculate the greatest common divisor of 150 and 800.
50
What is the greatest common divisor of 1479 and 261?
87
Calculate the highest common divisor of 1146 and 54.
6
What is the greatest common divisor of 35 and 5915?
35
Calculate the highest common divisor of 450 and 120.
30
Calculate the greatest common factor of 90 and 3276.
18
Calculate the highest common divisor of 285 and 3819.
57
Calculate the highest common factor of 6 and 1182.
6
Calculate the highest common factor of 39 and 52.
13
What is the highest common factor of 12 and 696?
12
What is the highest common divisor of 776 and 116?
4
Calculate the highest common factor of 4736 and 222.
74
Calculate the greatest common divisor of 3 and 89.
1
Calculate the greatest common divisor of 17 and 901.
17
Calculate the greatest common factor of 87 and 4901.
29
Calculate the greatest common factor of 22577 and 428.
107
Calculate the highest common factor of 14985 and 15.
15
Calculate the highest common factor of 162 and 1377.
81
Calculate the greatest common factor of 13 and 468.
13
What is the greatest common divisor of 87 and 72?
3
Calculate the greatest common divisor of 59 and 1062.
59
What is the highest common divisor of 1575 and 161?
7
Calculate the highest common factor of 30 and 1764.
6
Calculate the highest common factor of 53 and 583.
53
What is the greatest common factor of 160 and 22640?
80
What is the greatest common factor of 15 and 69?
3
Calculate the highest common factor of 27 and 243.
27
Calculate the highest common divisor of 204 and 136.
68
Calculate the greatest common factor of 4 and 169.
1
What is the greatest common divisor of 6783 and 19?
19
What is the greatest common factor of 60 and 792?
12
What is the greatest common factor of 6770 and 10?
10
Calculate the greatest common factor of 840 and 2380.
140
What is the highest common factor of 1 and 32?
1
What is the greatest common divisor of 648 and 675?
27
What is the greatest common divisor of 88 and 33?
11
What is the greatest common factor of 1227 and 6?
3
Calculate the greatest common divisor of 4342 and 52.
26
What is the highest common divisor of 560 and 518?
14
What is the greatest common divisor of 495 and 1?
1
Calculate the highest common divisor of 114 and 138.
6
Calculate the highest common factor of 46 and 1495.
23
Calculate the greatest common factor of 41 and 5494.
41
Calculate the highest common factor of 364 and 56.
28
Calculate the highest common divisor of 450 and 700.
50
Calculate the greatest common divisor of 517 and 22.
11
What is the greatest common divisor of 598 and 184?
46
Calculate the highest common factor of 10 and 4588.
2
What is the highest common divisor of 256 and 1120?
32
Calculate the highest common factor of 87 and 145.
29
Calculate the greatest common factor of 1424 and 89.
89
Calculate the highest common factor of 10 and 6840.
10
What is the highest common factor of 2 and 922?
2
What is the greatest common factor of 426 and 6?
6
Calculate the highest common factor of 2975 and 170.
85
What is the highest common factor of 14 and 16?
2
Calculate the highest common factor of 624 and 384.
48
What is the greatest common factor of 435 and 555?
15
What is the highest common factor of 5 and 27?
1
What is the highest common factor of 11 and 264?
11
What is the greatest common factor of 255 and 561?
51
What is the highest common divisor of 784 and 21?
7
Calculate the highest common factor of 4 and 76.
4
What is the highest common divisor of 9 and 5193?
9
What is the highest common divisor of 475 and 57?
19
What is the greatest common factor of 380 and 2052?
76
What is the highest common divisor of 87 and 12?
3
Calculate the highest common divisor of 459 and 18.
9
What is the highest common factor of 34 and 1088?
34
What is the greatest common factor of 119 and 1547?
119
Calculate the greatest common factor of 768 and 672.
96
What is the greatest common factor of 245 and 35?
35
What is the greatest common divisor of 14900 and 250?
50
Calculate the greatest common factor of 74 and 629.
37
Calculate the highest common divisor of 62 and 217.
31
Calculate the greatest common divisor of 400 and 100.
100
What is the highest common divisor of 728 and 112?
56
What is the greatest common divisor of 2510 and 10?
10
What is the greatest common factor of 6747 and 39?
39
What is the highest common divisor of 988 and 52?
52
What is the highest common factor of 288 and 7360?
32
What is the greatest common factor of 1194 and 6?
6
Calculate the highest common divisor of 17 and 17.
17
What is the highest common divisor of 31 and 899?
31
Calculate the highest common factor of 2 and 328.
2
Calcul